599 is divided by 137.
132
What is the remainder when 224052 is divided by 349?
343
What is the remainder when 12094 is divided by 6043?
8
Calculate the remainder when 14877 is divided by 152.
133
Calculate the remainder when 46000 is divided by 7665.
10
Calculate the remainder when 478 is divided by 20.
18
What is the remainder when 5322 is divided by 645?
162
Calculate the remainder when 64347 is divided by 143.
140
What is the remainder when 2159 is divided by 1039?
81
Calculate the remainder when 11554 is divided by 375.
304
Calculate the remainder when 1184 is divided by 109.
94
Calculate the remainder when 22182 is divided by 3503.
1164
Calculate the remainder when 24622 is divided by 60.
22
What is the remainder when 174849 is divided by 27?
24
What is the remainder when 250626 is divided by 71?
67
Calculate the remainder when 297759 is divided by 80.
79
What is the remainder when 30597 is divided by 403?
372
Calculate the remainder when 9263 is divided by 206.
199
What is the remainder when 2794770 is divided by 59?
58
What is the remainder when 3023 is divided by 3001?
22
Calculate the remainder when 125620 is divided by 87.
79
Calculate the remainder when 1708075 is divided by 1320.
1315
Calculate the remainder when 6643 is divided by 3139.
365
What is the remainder when 6923 is divided by 77?
70
What is the remainder when 28801 is divided by 942?
541
Calculate the remainder when 186806 is divided by 73.
72
Calculate the remainder when 96856 is divided by 18.
16
What is the remainder when 3874 is divided by 2900?
974
What is the remainder when 10833 is divided by 327?
42
Calculate the remainder when 491003 is divided by 7220.
43
Calculate the remainder when 25448 is divided by 1060.
8
What is the remainder when 26893 is divided by 13355?
183
Calculate the remainder when 3244 is divided by 625.
119
Calculate the remainder when 61727 is divided by 101.
16
Calculate the remainder when 19383 is divided by 589.
535
What is the remainder when 6555 is divided by 915?
150
Calculate the remainder when 3787 is divided by 304.
139
What is the remainder when 4556 is divided by 128?
76
What is the remainder when 2269738 is divided by 905?
903
What is the remainder when 170661 is divided by 26?
23
What is the remainder when 27690 is divided by 312?
234
What is the remainder when 559760 is divided by 131?
128
Calculate the remainder when 421091 is divided by 67.
63
Calculate the remainder when 26000 is divided by 78.
26
Calculate the remainder when 1348906 is divided by 29.
0
What is the remainder when 400552 is divided by 133487?
91
Calculate the remainder when 33062 is divided by 8236.
118
What is the remainder when 81962 is divided by 12?
2
Calculate the remainder when 1368 is divided by 39.
3
What is the remainder when 403142 is divided by 18?
14
Calculate the remainder when 10832 is divided by 902.
8
Calculate the remainder when 133550 is divided by 230.
150
Calculate the remainder when 978 is divided by 918.
60
What is the remainder when 1985 is divided by 988?
9
Calculate the remainder when 19709 is divided by 1094.
17
Calculate the remainder when 8615 is divided by 24.
23
What is the remainder when 33281 is divided by 793?
768
Calculate the remainder when 73147 is divided by 198.
85
Calculate the remainder when 282235 is divided by 18.
13
What is the remainder when 2734 is divided by 345?
319
Calculate the remainder when 23241 is divided by 36.
21
Calculate the remainder when 1651 is divided by 208.
195
Calculate the remainder when 7297 is divided by 293.
265
What is the remainder when 15229 is divided by 74?
59
What is the remainder when 170902 is divided by 8?
6
What is the remainder when 109530 is divided by 165?
135
Calculate the remainder when 7694 is divided by 7694.
0
Calculate the remainder when 1506 is divided by 1485.
21
Calculate the remainder when 24730 is divided by 4114.
46
Calculate the remainder when 31555 is divided by 19.
15
Calculate the remainder when 20302 is divided by 213.
67
Calculate the remainder when 893177 is divided by 148.
145
What is the remainder when 13291 is divided by 4416?
43
Calculate the remainder when 20634 is divided by 6857.
63
Calculate the remainder when 62802 is divided by 8965.
47
What is the remainder when 340173 is divided by 57?
54
Calculate the remainder when 113961 is divided by 235.
221
What is the remainder when 14060 is divided by 89?
87
What is the remainder when 22043 is divided by 24?
11
What is the remainder when 7106 is divided by 25?
6
Calculate the remainder when 787 is divided by 507.
280
What is the remainder when 241885 is divided by 16?
13
Calculate the remainder when 11521 is divided by 13.
3
Calculate the remainder when 3135 is divided by 3129.
6
Calculate the remainder when 5381 is divided by 204.
77
Calculate the remainder when 12499 is divided by 12464.
35
Calculate the remainder when 19850 is divided by 39.
38
Calculate the remainder when 9070907 is divided by 1009.
1006
What is the remainder when 1623 is divided by 167?
120
What is the remainder when 223 is divided by 20?
3
Calculate the remainder when 4094 is divided by 598.
506
Calculate the remainder when 6687 is divided by 40.
7
Calculate the remainder when 19592 is divided by 57.
41
Calculate the remainder when 569867 is divided by 13.
12
Calculate the remainder when 232077 is divided by 12.
9
What is the remainder when 3911 is divided by 224?
103
Calculate the remainder when 3788 is divided by 105.
8
Calculate the remainder when 3133 is divided by 285.
283
What is the remainder when 93984 is divided by 52?
20
What is the remainder when 12295 is divided by 2074?
1925
What is the remainder when 18396 is divided by 4595?
16
Calculate the remainder when 2174 is divided by 103.
11
Calculate the remainder when 1834 is divided by 606.
16
What is the remainder when 3184 is divided by 1313?
558
What is the remainder when 112424 is divided by 1540?
4
Calculate the remainder when 12165 is divided by 104.
101
Calculate the remainder when 159 is divided by 59.
41
What is the remainder when 46511 is divided by 152?
151
Calculate the remainder when 26147 is divided by 21.
2
Calculate the remainder when 1925 is divided by 172.
33
What is the remainder when 8822 is divided by 4409?
4
Calculate the remainder when 28171 is divided by 9387.
10
What is the remainder when 10691 is divided by 92?
19
What is the remainder when 7887 is divided by 30?
27
Calculate the remainder when 142461 is divided by 168.
165
What is the remainder when 3185 is divided by 2851?
334
Calculate the remainder when 444184 is divided by 60.
4
Calculate the remainder when 30 is divided by 13.
4
What is the remainder when 363387 is divided by 544?
539
Calculate the remainder when 264 is divided by 10.
4
Calculate the remainder when 7856 is divided by 1570.
6
Calculate the remainder when 1908424 is divided by 18.
10
Calculate the remainder when 10948 is divided by 45.
13
Calculate the remainder when 1665 is divided by 417.
414
What is the remainder when 849 is divided by 295?
259
Calculate the remainder when 2388 is divided by 583.
56
Calculate the remainder when 28275 is divided by 70.
65
What is the remainder when 53981 is divided by 17923?
212
What is the remainder when 12847 is divided by 403?
354
What is the remainder when 237082 is divided by 14?
6
Calculate the remainder when 50374 is divided by 1585.
1239
What is the remainder when 19485 is divided by 26?
11
What is the remainder when 75988 is divided by 118?
114
What is the remainder when 6083 is divided by 1961?
200
Calculate the remainder when 10834 is divided by 10.
4
Calculate the remainder when 453556 is divided by 37.
10
Calculate the remainder when 8466 is divided by 1060.
1046
Calculate the remainder when 770 is divided by 640.
130
Calculate the remainder when 9508 is divided by 47.
14
Calculate the remainder when 7065 is divided by 9.
0
What is the remainder when 223550 is divided by 48?
14
Calculate the remainder when 805 is divided by 274.
257
What is the remainder when 5163 is divided by 759?
609
What is the remainder when 96244 is divided by 212?
208
Calculate the remainder when 31643 is divided by 7897.
55
Calculate the remainder when 6707 is divided by 452.
379
What is the remainder wh